{"id":6,"date":"2017-04-03T11:44:58","date_gmt":"2017-04-03T11:44:58","guid":{"rendered":"http:\/\/88.99.95.87\/~emtehu\/?page_id=6"},"modified":"2018-04-06T11:24:42","modified_gmt":"2018-04-06T11:24:42","slug":"elerhetoseg","status":"publish","type":"page","link":"https:\/\/emte.hu\/index.php\/elerhetoseg\/","title":{"rendered":"El\u00e9rhet\u0151s\u00e9g"},"content":{"rendered":"<p><strong>Eln\u00f6k:<\/strong><br \/>\nB\u00e1ndi Imre<\/p>\n<p>7030 Paks Kornis utca 2.<br \/>\nTel.: +36 20 223 32 41<br \/>\nemail: bandi.imre@gmail.com<\/p>\n<p>&nbsp;<\/p>\n<p>Facebook:\u00a0 <a href=\"https:\/\/www.facebook.com\/emte.hu\">https:\/\/www.facebook.com\/emte.hu<\/a><\/p>\n","protected":false},"excerpt":{"rendered":"<p>Eln\u00f6k: B\u00e1ndi Imre 7030 Paks Kornis utca 2. Tel.: +36 20 223 32 41 email: bandi.imre@gmail.com &nbsp; Facebook:\u00a0 https:\/\/www.facebook.com\/emte.hu<\/p>\n","protected":false},"author":1,"featured_media":0,"parent":0,"menu_order":0,"comment_status":"closed","ping_status":"closed","template":"","meta":{"footnotes":""},"class_list":["post-6","page","type-page","status-publish","hentry"],"_links":{"self":[{"href":"https:\/\/emte.hu\/index.php\/wp-json\/wp\/v2\/pages\/6","targetHints":{"allow":["GET"]}}],"collection":[{"href":"https:\/\/emte.hu\/index.php\/wp-json\/wp\/v2\/pages"}],"about":[{"href":"https:\/\/emte.hu\/index.php\/wp-json\/wp\/v2\/types\/page"}],"author":[{"embeddable":true,"href":"https:\/\/emte.hu\/index.php\/wp-json\/wp\/v2\/users\/1"}],"replies":[{"embeddable":true,"href":"https:\/\/emte.hu\/index.php\/wp-json\/wp\/v2\/comments?post=6"}],"version-history":[{"count":18,"href":"https:\/\/emte.hu\/index.php\/wp-json\/wp\/v2\/pages\/6\/revisions"}],"predecessor-version":[{"id":339,"href":"https:\/\/emte.hu\/index.php\/wp-json\/wp\/v2\/pages\/6\/revisions\/339"}],"wp:attachment":[{"href":"https:\/\/emte.hu\/index.php\/wp-json\/wp\/v2\/media?parent=6"}],"curies":[{"name":"wp","href":"https:\/\/api.w.org\/{rel}","templated":true}]}}